n - 41. Determine q(-31).
-41
Let j(w) = -5747*w - 40206. Determine j(-7).
23
Let m(x) = -3*x**3 + 472*x**2 - 154*x - 548. Determine m(157).
-77
Let u(d) = 397*d + 37307. Calculate u(-94).
-11
Let n(o) = 875*o - 2583. Determine n(3).
42
Let o(j) = 4*j**3 + 8*j**2 - 13*j + 2. Give o(-5).
-233
Let l(u) = 1318*u - 46139. Give l(35).
-9
Let h(i) = -2*i**2 - 2*i + 27. What is h(-11)?
-193
Let n(t) = 26*t**2 + 1434*t + 92. Determine n(-55).
-128
Let t(g) = 9*g**2 - 2127*g + 4916. Determine t(234).
2
Let o(b) = -2*b**3 + 2*b**2 + 72*b - 139. What is o(2)?
-3
Let y(n) = 3*n**2 + 96*n + 768. Determine y(-15).
3
Let a(d) = d**3 - 36*d**2 - 66*d - 274. Calculate a(38).
106
Let b(s) = -32*s**3 - 3*s**2 + s - 15. What is b(-3)?
819
Let o(h) = 2*h**2 - 37*h - 134. Calculate o(-4).
46
Let h(t) = 23*t - 126. What is h(-5)?
-241
Let t(j) = j**3 - 21*j**2 + 16*j + 77. Calculate t(20).
-3
Let p(u) = -u**2 - 20*u + 38. Give p(-23).
-31
Let y(c) = 2*c**3 - 16*c**2 + 44*c - 8. Determine y(4).
40
Let y(p) = 4*p**2 - 93*p + 720. What is y(10)?
190
Let y(v) = 756*v - 8392. Give y(11).
-76
Let a(j) = j**3 - 28*j**2 + 24*j - 5. Give a(27).
-86
Let a(g) = -5*g**2 + 564*g + 110. What is a(113)?
-3
Let l(r) = 3*r**3 + 8*r**2 + 25*r - 49. Calculate l(2).
57
Let u(j) = -3*j**3 - 151*j**2 - 51*j - 172. What is u(-50)?
-122
Let x(s) = 2*s**2 - 299*s + 6324. What is x(124)?
0
Let q(x) = x**2 - x + 22. Give q(-3).
34
Let o(y) = -2*y**2 + 170*y - 1466. Give o(10).
34
Let a(o) = -2*o - 30. What is a(-9)?
-12
Let j(l) = -5*l**2 - 178*l + 80. Calculate j(-36).
8
Let y(c) = -c**2 - 12*c + 60. Calculate y(4).
-4
Let u(r) = 51*r**2 + 21*r - 4. Determine u(-1).
26
Let a(c) = -112*c + 250. Give a(7).
-534
Let v(j) = 83*j - 763. Calculate v(9).
-16
Let r(v) = 35*v + 121. Calculate r(26).
1031
Let k(f) = -585*f + 45625. What is k(78)?
-5
Let p(c) = -c**3 - 28*c**2 - c - 39. Give p(-28).
-11
Let f(p) = p**3 + 34*p**2 + 11*p + 216. What is f(-34)?
-158
Let g(i) = i**3 - 9*i**2 - 81*i + 645. Determine g(11).
-4
Let x(z) = z**3 - 37*z**2 - 38*z - 3. Give x(38).
-3
Let w(s) = 197*s - 724. Calculate w(4).
64
Let w(p) = -9*p**2 + 98*p - 10. What is w(11)?
-21
Let u(y) = -y**3 - 4*y**2 - 9*y + 56. Give u(3).
-34
Let g(c) = 70*c - 911. Give g(13).
-1
Let u(y) = -y**3 + 36*y**2 - 142*y - 9. Give u(4).
-65
Let o(s) = s**2 + 728*s - 2191. Calculate o(3).
2
Let b(l) = 148*l + 167. Give b(-1).
19
Let n(j) = -j**3 + 3*j**2 + 99*j + 76. Determine n(12).
-32
Let m(p) = -p**2 - 26*p + 39. Give m(0).
39
Let k(m) = 21*m - 459. Determine k(26).
87
Let n(m) = -42*m - 2250. Determine n(-54).
18
Let b(g) = -64*g + 81. Give b(1).
17
Let n(p) = 2*p**3 - 91*p**2 + 48*p - 147. Give n(45).
-12
Let o(w) = -2*w**3 - 20*w**2 - 4*w - 208. Calculate o(-10).
-168
Let x(p) = p**3 - 3*p**2 - 63*p - 258. Determine x(-6).
-204
Let g(u) = -u**3 + 70*u**2 + 149*u - 371. Calculate g(72).
-11
Let p(m) = -2*m**2 + 28*m - 23. Determine p(15).
-53
Let q(y) = -322*y - 2249. Give q(-7).
5
Let u(x) = 33*x + 1638. Give u(-50).
-12
Let t(r) = -r**2 - 12*r - 4. What is t(-13)?
-17
Let g(x) = -37*x**2 - 23*x - 80. What is g(-3)?
-344
Let r(y) = 3*y**2 - 7*y - 39. What is r(-8)?
209
Let g(x) = -15*x + 649. Determine g(28).
229
Let u(l) = -4*l - 324. Calculate u(-55).
-104
Let v(q) = -11*q**2 + 17*q - 10. What is v(2)?
-20
Let x(j) = -263*j - 1041. Calculate x(-4).
11
Let x(w) = -2*w**2 + 560*w - 4352. Calculate x(8).
0
Let n(d) = d**3 + 9*d**2 + 25*d + 34. What is n(-5)?
9
Let c(r) = -2*r**2 - 9*r + 11. Determine c(-6).
-7
Let s(c) = c**3 - 92*c**2 - 306*c + 1991. Give s(95).
-4
Let w(t) = -20*t**2 - 1176*t - 903. What is w(-58)?
25
Let m(n) = 5*n**2 + 333*n - 189. Give m(-67).
-55
Let a(k) = 1887*k + 3739. What is a(-2)?
-35
Let o(v) = 502*v - 1627. What is o(3)?
-121
Let k(n) = -2*n**3 - 4*n**2 + 31*n + 7. Give k(-5).
2
Let u(h) = 352*h - 8063. Give u(23).
33
Let y(f) = -f**2 + 78*f - 559. Calculate y(70).
1
Let c(j) = 94*j**2 - 2167*j + 111. What is c(23)?
-4
Let f(l) = -7*l**2 + 29*l + 9. Determine f(7).
-131
Let q(h) = -28*h + 260. Give q(9).
8
Let m(g) = -2*g**3 - 14*g**2 + 130*g - 14. Determine m(-12).
-134
Let w(q) = 13*q + 372. Calculate w(-29).
-5
Let q(d) = -9*d**3 - 24*d**2 - 2*d - 25. What is q(-3)?
8
Let c(r) = -r**3 - 14*r**2 - 63*r - 1176. Give c(-15).
-6
Let t(i) = i**2 - 348*i - 3560. Determine t(-10).
20
Let a(t) = -202*t + 30303. Determine a(150).
3
Let k(j) = j**2 - 1401*j - 8423. Determine k(-6).
19
Let t(h) = 2*h**2 + 125*h - 13440. Give t(-119).
7
Let k(j) = -j**3 + 144*j**2 - 120*j + 17287. Calculate k(144).
7
Let z(b) = -b**3 - 10*b**2 - 256*b - 3365. Give z(-12).
-5
Let m(g) = -2*g**2 - 40*g - 75. Calculate m(-14).
93
Let y(d) = -d**3 + 78*d**2 - 158*d + 417. Give y(76).
-39
Let w(h) = 6470*h + 19426. Calculate w(-3).
16
Let l(z) = -219*z - 1709. Give l(-8).
43
Let j(a) = -a**3 + 48*a**2 - 454*a + 77. Give j(35).
112
Let m(i) = -i**3 + 10*i**2 + 12*i + 14. Determine m(11).
25
Let y(m) = m**3 + 56*m**2 + 161*m + 123. What is y(-53)?
17
Let d(u) = u**2 + 34*u - 197. Calculate d(-39).
-2
Let b(m) = 39*m - 124. What is b(4)?
32
Let r(h) = -3*h**2 - 34*h - 5. Give r(-4).
83
Let u(o) = -9559*o - 114711. Calculate u(-12).
-3
Let g(d) = -3*d**3 - 9*d - 6. Give g(3).
-114
Let n(i) = -2*i**3 - 103*i**2 - 46*i + 336. Determine n(-51).
81
Let q(c) = 5*c + 149. What is q(-31)?
-6
Let l(v) = -70*v - 494. Give l(-9).
136
Let a(z) = -z**2 + 27*z - 113. Give a(18).
49
Let z(o) = -o**3 - o**2 - 5*o - 71. Give z(-4).
-3
Let v(g) = 179*g - 21273. Calculate v(119).
28
Let a(h) = -35*h**2 - 2*h + 7. Determine a(-2).
-129
Let j(p) = -p**3 + 4*p**2 - 19*p + 8. Calculate j(5).
-112
Let b(c) = 84*c + 697. Calculate b(-10).
-143
Let a(u) = 3*u**3 + 367*u**2 + 128*u + 742. What is a(-122)?
10
Let y(j) = -3*j**2 + 286*j + 865. What is y(-3)?
-20
Let j(m) = -4*m**3 + 48*m**2 - m - 9. Determine j(12).
-21
Let g(f) = -5*f**3 + 8*f**2 + 9*f - 77. Determine g(5).
-457
Let t(m) = 7*m - 494. What is t(69)?
-11
Let n(f) = -2*f**2 + 66*f + 1593. What is n(-16)?
25
Let s(j) = 5*j**2 - 1644*j + 3286. Determine s(2).
18
Let o(f) = 8*f + 1393. Give o(-166).
65
Let p(g) = 94*g + 31. What is p(1)?
125
Let d(v) = -42*v**2 + 6*v + 18. Determine d(3).
-342
Let b(g) = -7*g**2 + 7*g + 5. Determine b(7).
-289
Let w(r) = -2*r**3 + 15*r**2 - 47*r - 11. Give w(3).
-71
Let y(m) = -m**3 - 27*m**2 - 80*m - 4. Calculate y(-8).
-580
Let y(h) = 86*h - 46. What is y(1)?
40
Let h(p) = 1501*p + 15001. Give h(-10).
-9
Let d(x) = x**3 + 18*x**2 - 59*x - 22. Determine d(-21).
-106
Let v(q) = 1386*q + 4292. Determine v(-3).
134
Let o(x) = 120*x - 1975. What is o(18)?
185
Let a(t) = 1598*t + 12784. Give a(-8).
0
Let j(q) = 3*q**3 + 46*q**2 - 33*q - 20. Determine j(-16).
-4
Let t(z) = -30*z + 22. Determine t(-3).
112
Let b(f) = -f**2 + 953*f + 4785. Calculate b(-5).
-5
Let q(t) = 22*t + 1246. What is q(-56)?
14
Let a(z) = 4*z**3 + 60*z**2 + 10*z + 5. Give a(-15).
-145
Let r(g) = g**3 + 28*g**2 - 26*g + 80. Give r(-29).
-7
Let v(i) = 774*i + 59594. Determine v(-77).
-4
Let i(w) = w**3 - 3*w**2 + 34*w - 163. Give i(5).
57
Let y(w) = 5*w**2 - 425*w + 406. Calculate y(84).
-14
Let y(k) = -20*k - 1069. Determine y(-53).
-9
Let b(h) = h**3 + 9*h**2 - 49*h - 165. Calculate b(-12).
-9
Let k(p) = 2*p**3 - 15*p**2 + 13*p - 47. Calculate k(7).
-5
Let t(n) = 116*n - 353. Give t(3).
-5
Let f(j) = -3*j**3 + 96*j**2 - 89*j - 134. Calculate f(31).
-10
Let w(j) = -232*j + 934. Calculate w(4).
6
Let c(x) = 300*x - 1198. Determine c(4).
2
Let v(z) = -93*z - 485. Give v(-5).
-20
Let p(x) = -x**2 - 637*x - 7513. What is p(-12)?
-13
Let o(y) = -2*y**2 + 48*y + 1755. Calculate o(-20).
-5
Let b(i) = -7*i**3 + i**2 - 10*i + 9. Determine b(1).
-7
Let o(t) = -t**3 + 13*t**2 - 40*t + 14. Calculate o(5).
14
Let a(t) = -t**3 + 11*t**2 - t + 23. Determine a(10).
113
Let z(u) = -2*u**2 + 16*u + 244. Determine z(14).
76
Let z(g) = g**3 + g**2 - 10*g - 5. What is z(-4)?
-13
Let q(p) = -2*p**2 + 33*p + 165. Calculate q(-8).
-227
Let q(g) = 22*g**3 - 18*g**2 - 5*g + 6. Give q(2).
100
Let a(l) = -83*l + 210. What is a(3)?
-39
Let m(h) = -7*h**2 + 33*h + 53. Give m(9).
-217
Let s(j) = j**3 + 18*j**2 + 7*j + 59. Give s(-18).
-67
Let w(o) = 8*o - 68. Give w(9).
4
Let y(s) = -s**2 + 58*s + 45. Determine y(58).
45
Let 